{"id":359,"date":"2022-03-25T14:00:17","date_gmt":"2022-03-25T14:00:17","guid":{"rendered":"https:\/\/fsth.be\/wopr\/?page_id=359"},"modified":"2022-04-06T08:25:38","modified_gmt":"2022-04-06T08:25:38","slug":"les-gais-carabiniers","status":"publish","type":"page","link":"https:\/\/fsth.be\/wopr\/les-societes-de-tir-du-hainaut\/les-gais-carabiniers\/","title":{"rendered":"Les Gais Carabiniers"},"content":{"rendered":"\n<div class=\"wp-block-group is-content-justification-space-between is-layout-flex wp-container-core-group-is-layout-e63a74ff wp-block-group-is-layout-flex\">\n<h1 class=\"wp-block-heading\">7\/44<\/h1>\n\n\n\n<div class=\"wp-block-image\"><figure class=\"aligncenter size-full\"><img loading=\"lazy\" decoding=\"async\" width=\"126\" height=\"131\" src=\"https:\/\/fsth.be\/wopr\/wp-content\/uploads\/2022\/03\/Les-Gais-Carabiniers.png\" alt=\"\" class=\"wp-image-71\"\/><\/figure><\/div>\n<\/div>\n\n\n\n<div style=\"height:24px\" aria-hidden=\"true\" class=\"wp-block-spacer\"><\/div>\n\n\n\n<hr class=\"wp-block-separator\"\/>\n\n\n\n<div class=\"wp-block-columns is-layout-flex wp-container-core-columns-is-layout-9d6595d7 wp-block-columns-is-layout-flex\">\n<div class=\"wp-block-column is-layout-flow wp-block-column-is-layout-flow\">\n<h2 class=\"wp-block-heading\">Adresse<\/h2>\n\n\n\n<p>Rue Lotard, 16<br>7320 Bernissart<\/p>\n\n\n\n<h2 class=\"wp-block-heading\">Contact<\/h2>\n\n\n\n<p>Mme Leclercq Sabrina<br>Rue de Villers 23A\/101<br>1490 Court-Saint-Etienne<br>GSM : 0474 36 94 03<\/p>\n\n\n\n<div class=\"wp-block-columns is-layout-flex wp-container-core-columns-is-layout-9d6595d7 wp-block-columns-is-layout-flex\">\n<div class=\"wp-block-column is-vertically-aligned-center is-layout-flow wp-block-column-is-layout-flow\" style=\"flex-basis:80px\">\n<figure class=\"wp-block-image size-thumbnail is-resized\"><a href=\"mailto:sabrina.leclercq@icloud.com\"><img loading=\"lazy\" decoding=\"async\" src=\"https:\/\/fsth.be\/wopr\/wp-content\/uploads\/2022\/03\/email-150x150.png\" alt=\"\" class=\"wp-image-315\" width=\"75\" height=\"75\"\/><\/a><\/figure>\n<\/div>\n\n\n\n<div class=\"wp-block-column is-vertically-aligned-center is-layout-flow wp-block-column-is-layout-flow\">\n<p><a href=\"mailto:sabrina.leclercq@icloud.com\">Email contact<\/a><\/p>\n<\/div>\n<\/div>\n<\/div>\n\n\n\n<div class=\"wp-block-column is-layout-flow wp-block-column-is-layout-flow\">\n<pre class=\"wp-block-code\"><code><iframe src=\"https:\/\/www.google.com\/maps\/embed?pb=!1m18!1m12!1m3!1d2539.142308284647!2d3.6468509159534634!3d50.47569437947886!2m3!1f0!2f0!3f0!3m2!1i1024!2i768!4f13.1!3m3!1m2!1s0x47c2fa17b9a7e5ab%3A0xc6ae0cc9dffddd59!2sRue%20Lotard%2016%2C%207320%20Bernissart!5e0!3m2!1sfr!2sbe!4v1648216751276!5m2!1sfr!2sbe\" width=\"600\" height=\"450\" style=\"border:0;\" allowfullscreen=\"\" loading=\"lazy\"><\/iframe><\/code><\/pre>\n<\/div>\n<\/div>\n","protected":false},"excerpt":{"rendered":"<p>7\/44 Adresse Rue Lotard, 167320 Bernissart Contact Mme Leclercq SabrinaRue de Villers 23A\/1011490 Court-Saint-EtienneGSM : 0474 36 94 03 Email contact<\/p>\n","protected":false},"author":2,"featured_media":71,"parent":92,"menu_order":0,"comment_status":"closed","ping_status":"closed","template":"","meta":{"footnotes":""},"class_list":["post-359","page","type-page","status-publish","has-post-thumbnail","hentry"],"yoast_head":"<!-- This site is optimized with the Yoast SEO plugin v27.5 - https:\/\/yoast.com\/product\/yoast-seo-wordpress\/ -->\r\n<title>Les Gais Carabiniers - F.S.T.H. asbl<\/title>\r\n<meta name=\"robots\" content=\"index, follow, max-snippet:-1, max-image-preview:large, max-video-preview:-1\" \/>\r\n<link rel=\"canonical\" href=\"https:\/\/fsth.be\/wopr\/les-societes-de-tir-du-hainaut\/les-gais-carabiniers\/\" \/>\r\n<meta property=\"og:locale\" content=\"fr_FR\" \/>\r\n<meta property=\"og:type\" content=\"article\" \/>\r\n<meta property=\"og:title\" content=\"Les Gais Carabiniers - F.S.T.H. asbl\" \/>\r\n<meta property=\"og:description\" content=\"7\/44 Adresse Rue Lotard, 167320 Bernissart Contact Mme Leclercq SabrinaRue de Villers 23A\/1011490 Court-Saint-EtienneGSM : 0474 36 94 03 Email contact\" \/>\r\n<meta property=\"og:url\" content=\"https:\/\/fsth.be\/wopr\/les-societes-de-tir-du-hainaut\/les-gais-carabiniers\/\" \/>\r\n<meta property=\"og:site_name\" content=\"F.S.T.H. asbl\" \/>\r\n<meta property=\"article:modified_time\" content=\"2022-04-06T08:25:38+00:00\" \/>\r\n<meta property=\"og:image\" content=\"https:\/\/fsth.be\/wopr\/wp-content\/uploads\/2022\/03\/Les-Gais-Carabiniers.png\" \/>\r\n\t<meta property=\"og:image:width\" content=\"126\" \/>\r\n\t<meta property=\"og:image:height\" content=\"131\" \/>\r\n\t<meta property=\"og:image:type\" content=\"image\/png\" \/>\r\n<script type=\"application\/ld+json\" class=\"yoast-schema-graph\">{\"@context\":\"https:\\\/\\\/schema.org\",\"@graph\":[{\"@type\":\"WebPage\",\"@id\":\"https:\\\/\\\/fsth.be\\\/wopr\\\/les-societes-de-tir-du-hainaut\\\/les-gais-carabiniers\\\/\",\"url\":\"https:\\\/\\\/fsth.be\\\/wopr\\\/les-societes-de-tir-du-hainaut\\\/les-gais-carabiniers\\\/\",\"name\":\"Les Gais Carabiniers - F.S.T.H. asbl\",\"isPartOf\":{\"@id\":\"https:\\\/\\\/fsth.be\\\/wopr\\\/#website\"},\"primaryImageOfPage\":{\"@id\":\"https:\\\/\\\/fsth.be\\\/wopr\\\/les-societes-de-tir-du-hainaut\\\/les-gais-carabiniers\\\/#primaryimage\"},\"image\":{\"@id\":\"https:\\\/\\\/fsth.be\\\/wopr\\\/les-societes-de-tir-du-hainaut\\\/les-gais-carabiniers\\\/#primaryimage\"},\"thumbnailUrl\":\"https:\\\/\\\/fsth.be\\\/wopr\\\/wp-content\\\/uploads\\\/2022\\\/03\\\/Les-Gais-Carabiniers.png\",\"datePublished\":\"2022-03-25T14:00:17+00:00\",\"dateModified\":\"2022-04-06T08:25:38+00:00\",\"breadcrumb\":{\"@id\":\"https:\\\/\\\/fsth.be\\\/wopr\\\/les-societes-de-tir-du-hainaut\\\/les-gais-carabiniers\\\/#breadcrumb\"},\"inLanguage\":\"fr-BE\",\"potentialAction\":[{\"@type\":\"ReadAction\",\"target\":[\"https:\\\/\\\/fsth.be\\\/wopr\\\/les-societes-de-tir-du-hainaut\\\/les-gais-carabiniers\\\/\"]}]},{\"@type\":\"ImageObject\",\"inLanguage\":\"fr-BE\",\"@id\":\"https:\\\/\\\/fsth.be\\\/wopr\\\/les-societes-de-tir-du-hainaut\\\/les-gais-carabiniers\\\/#primaryimage\",\"url\":\"https:\\\/\\\/fsth.be\\\/wopr\\\/wp-content\\\/uploads\\\/2022\\\/03\\\/Les-Gais-Carabiniers.png\",\"contentUrl\":\"https:\\\/\\\/fsth.be\\\/wopr\\\/wp-content\\\/uploads\\\/2022\\\/03\\\/Les-Gais-Carabiniers.png\",\"width\":126,\"height\":131},{\"@type\":\"BreadcrumbList\",\"@id\":\"https:\\\/\\\/fsth.be\\\/wopr\\\/les-societes-de-tir-du-hainaut\\\/les-gais-carabiniers\\\/#breadcrumb\",\"itemListElement\":[{\"@type\":\"ListItem\",\"position\":1,\"name\":\"Accueil\",\"item\":\"https:\\\/\\\/fsth.be\\\/wopr\\\/\"},{\"@type\":\"ListItem\",\"position\":2,\"name\":\"Les soci\u00e9t\u00e9s de tir du Hainaut\",\"item\":\"https:\\\/\\\/fsth.be\\\/wopr\\\/les-societes-de-tir-du-hainaut\\\/\"},{\"@type\":\"ListItem\",\"position\":3,\"name\":\"Les Gais Carabiniers\"}]},{\"@type\":\"WebSite\",\"@id\":\"https:\\\/\\\/fsth.be\\\/wopr\\\/#website\",\"url\":\"https:\\\/\\\/fsth.be\\\/wopr\\\/\",\"name\":\"F.S.T.H. asbl\",\"description\":\"F\u00e9d\u00e9ration des Soci\u00e9t\u00e9s de Tir du Hainaut\",\"publisher\":{\"@id\":\"https:\\\/\\\/fsth.be\\\/wopr\\\/#organization\"},\"potentialAction\":[{\"@type\":\"SearchAction\",\"target\":{\"@type\":\"EntryPoint\",\"urlTemplate\":\"https:\\\/\\\/fsth.be\\\/wopr\\\/?s={search_term_string}\"},\"query-input\":{\"@type\":\"PropertyValueSpecification\",\"valueRequired\":true,\"valueName\":\"search_term_string\"}}],\"inLanguage\":\"fr-BE\"},{\"@type\":\"Organization\",\"@id\":\"https:\\\/\\\/fsth.be\\\/wopr\\\/#organization\",\"name\":\"F\u00e9d\u00e9ration des Soci\u00e9t\u00e9s de Tir du Hainaut\",\"url\":\"https:\\\/\\\/fsth.be\\\/wopr\\\/\",\"logo\":{\"@type\":\"ImageObject\",\"inLanguage\":\"fr-BE\",\"@id\":\"https:\\\/\\\/fsth.be\\\/wopr\\\/#\\\/schema\\\/logo\\\/image\\\/\",\"url\":\"https:\\\/\\\/fsth.be\\\/wopr\\\/wp-content\\\/uploads\\\/2022\\\/03\\\/cropped-logo-FSTH-1.png\",\"contentUrl\":\"https:\\\/\\\/fsth.be\\\/wopr\\\/wp-content\\\/uploads\\\/2022\\\/03\\\/cropped-logo-FSTH-1.png\",\"width\":100,\"height\":100,\"caption\":\"F\u00e9d\u00e9ration des Soci\u00e9t\u00e9s de Tir du Hainaut\"},\"image\":{\"@id\":\"https:\\\/\\\/fsth.be\\\/wopr\\\/#\\\/schema\\\/logo\\\/image\\\/\"}}]}<\/script>\r\n<!-- \/ Yoast SEO plugin. -->","yoast_head_json":{"title":"Les Gais Carabiniers - F.S.T.H. asbl","robots":{"index":"index","follow":"follow","max-snippet":"max-snippet:-1","max-image-preview":"max-image-preview:large","max-video-preview":"max-video-preview:-1"},"canonical":"https:\/\/fsth.be\/wopr\/les-societes-de-tir-du-hainaut\/les-gais-carabiniers\/","og_locale":"fr_FR","og_type":"article","og_title":"Les Gais Carabiniers - F.S.T.H. asbl","og_description":"7\/44 Adresse Rue Lotard, 167320 Bernissart Contact Mme Leclercq SabrinaRue de Villers 23A\/1011490 Court-Saint-EtienneGSM : 0474 36 94 03 Email contact","og_url":"https:\/\/fsth.be\/wopr\/les-societes-de-tir-du-hainaut\/les-gais-carabiniers\/","og_site_name":"F.S.T.H. asbl","article_modified_time":"2022-04-06T08:25:38+00:00","og_image":[{"width":126,"height":131,"url":"https:\/\/fsth.be\/wopr\/wp-content\/uploads\/2022\/03\/Les-Gais-Carabiniers.png","type":"image\/png"}],"schema":{"@context":"https:\/\/schema.org","@graph":[{"@type":"WebPage","@id":"https:\/\/fsth.be\/wopr\/les-societes-de-tir-du-hainaut\/les-gais-carabiniers\/","url":"https:\/\/fsth.be\/wopr\/les-societes-de-tir-du-hainaut\/les-gais-carabiniers\/","name":"Les Gais Carabiniers - F.S.T.H. asbl","isPartOf":{"@id":"https:\/\/fsth.be\/wopr\/#website"},"primaryImageOfPage":{"@id":"https:\/\/fsth.be\/wopr\/les-societes-de-tir-du-hainaut\/les-gais-carabiniers\/#primaryimage"},"image":{"@id":"https:\/\/fsth.be\/wopr\/les-societes-de-tir-du-hainaut\/les-gais-carabiniers\/#primaryimage"},"thumbnailUrl":"https:\/\/fsth.be\/wopr\/wp-content\/uploads\/2022\/03\/Les-Gais-Carabiniers.png","datePublished":"2022-03-25T14:00:17+00:00","dateModified":"2022-04-06T08:25:38+00:00","breadcrumb":{"@id":"https:\/\/fsth.be\/wopr\/les-societes-de-tir-du-hainaut\/les-gais-carabiniers\/#breadcrumb"},"inLanguage":"fr-BE","potentialAction":[{"@type":"ReadAction","target":["https:\/\/fsth.be\/wopr\/les-societes-de-tir-du-hainaut\/les-gais-carabiniers\/"]}]},{"@type":"ImageObject","inLanguage":"fr-BE","@id":"https:\/\/fsth.be\/wopr\/les-societes-de-tir-du-hainaut\/les-gais-carabiniers\/#primaryimage","url":"https:\/\/fsth.be\/wopr\/wp-content\/uploads\/2022\/03\/Les-Gais-Carabiniers.png","contentUrl":"https:\/\/fsth.be\/wopr\/wp-content\/uploads\/2022\/03\/Les-Gais-Carabiniers.png","width":126,"height":131},{"@type":"BreadcrumbList","@id":"https:\/\/fsth.be\/wopr\/les-societes-de-tir-du-hainaut\/les-gais-carabiniers\/#breadcrumb","itemListElement":[{"@type":"ListItem","position":1,"name":"Accueil","item":"https:\/\/fsth.be\/wopr\/"},{"@type":"ListItem","position":2,"name":"Les soci\u00e9t\u00e9s de tir du Hainaut","item":"https:\/\/fsth.be\/wopr\/les-societes-de-tir-du-hainaut\/"},{"@type":"ListItem","position":3,"name":"Les Gais Carabiniers"}]},{"@type":"WebSite","@id":"https:\/\/fsth.be\/wopr\/#website","url":"https:\/\/fsth.be\/wopr\/","name":"F.S.T.H. asbl","description":"F\u00e9d\u00e9ration des Soci\u00e9t\u00e9s de Tir du Hainaut","publisher":{"@id":"https:\/\/fsth.be\/wopr\/#organization"},"potentialAction":[{"@type":"SearchAction","target":{"@type":"EntryPoint","urlTemplate":"https:\/\/fsth.be\/wopr\/?s={search_term_string}"},"query-input":{"@type":"PropertyValueSpecification","valueRequired":true,"valueName":"search_term_string"}}],"inLanguage":"fr-BE"},{"@type":"Organization","@id":"https:\/\/fsth.be\/wopr\/#organization","name":"F\u00e9d\u00e9ration des Soci\u00e9t\u00e9s de Tir du Hainaut","url":"https:\/\/fsth.be\/wopr\/","logo":{"@type":"ImageObject","inLanguage":"fr-BE","@id":"https:\/\/fsth.be\/wopr\/#\/schema\/logo\/image\/","url":"https:\/\/fsth.be\/wopr\/wp-content\/uploads\/2022\/03\/cropped-logo-FSTH-1.png","contentUrl":"https:\/\/fsth.be\/wopr\/wp-content\/uploads\/2022\/03\/cropped-logo-FSTH-1.png","width":100,"height":100,"caption":"F\u00e9d\u00e9ration des Soci\u00e9t\u00e9s de Tir du Hainaut"},"image":{"@id":"https:\/\/fsth.be\/wopr\/#\/schema\/logo\/image\/"}}]}},"_links":{"self":[{"href":"https:\/\/fsth.be\/wopr\/wp-json\/wp\/v2\/pages\/359","targetHints":{"allow":["GET"]}}],"collection":[{"href":"https:\/\/fsth.be\/wopr\/wp-json\/wp\/v2\/pages"}],"about":[{"href":"https:\/\/fsth.be\/wopr\/wp-json\/wp\/v2\/types\/page"}],"author":[{"embeddable":true,"href":"https:\/\/fsth.be\/wopr\/wp-json\/wp\/v2\/users\/2"}],"replies":[{"embeddable":true,"href":"https:\/\/fsth.be\/wopr\/wp-json\/wp\/v2\/comments?post=359"}],"version-history":[{"count":1,"href":"https:\/\/fsth.be\/wopr\/wp-json\/wp\/v2\/pages\/359\/revisions"}],"predecessor-version":[{"id":360,"href":"https:\/\/fsth.be\/wopr\/wp-json\/wp\/v2\/pages\/359\/revisions\/360"}],"up":[{"embeddable":true,"href":"https:\/\/fsth.be\/wopr\/wp-json\/wp\/v2\/pages\/92"}],"wp:featuredmedia":[{"embeddable":true,"href":"https:\/\/fsth.be\/wopr\/wp-json\/wp\/v2\/media\/71"}],"wp:attachment":[{"href":"https:\/\/fsth.be\/wopr\/wp-json\/wp\/v2\/media?parent=359"}],"curies":[{"name":"wp","href":"https:\/\/api.w.org\/{rel}","templated":true}]}}